y 143029.
944
What is the remainder when 1313447 is divided by 2036?
227
Calculate the remainder when 646731970 is divided by 2502.
2500
Calculate the remainder when 370435 is divided by 370071.
364
What is the remainder when 4085585 is divided by 228?
53
What is the remainder when 1488476 is divided by 165381?
47
What is the remainder when 205696 is divided by 51410?
56
Calculate the remainder when 2643 is divided by 296.
275
Calculate the remainder when 1333623618 is divided by 1141.
1139
Calculate the remainder when 6151720 is divided by 123.
121
What is the remainder when 3955154 is divided by 524?
2
What is the remainder when 269575 is divided by 22416?
583
What is the remainder when 5015 is divided by 1875?
1265
What is the remainder when 216074 is divided by 228?
158
What is the remainder when 480674 is divided by 1070?
244
Calculate the remainder when 4536267 is divided by 193.
188
Calculate the remainder when 219013 is divided by 8.
5
What is the remainder when 1005803 is divided by 75?
53
Calculate the remainder when 4599806 is divided by 1079.
29
What is the remainder when 3761607 is divided by 540?
507
What is the remainder when 207178 is divided by 68666?
1180
Calculate the remainder when 418975 is divided by 5302.
117
Calculate the remainder when 600462439 is divided by 4505.
4504
What is the remainder when 1886399 is divided by 455?
424
What is the remainder when 16359684 is divided by 6777?
6
What is the remainder when 29227095 is divided by 215?
210
Calculate the remainder when 1779948 is divided by 31.
21
Calculate the remainder when 43272 is divided by 13464.
2880
Calculate the remainder when 519204 is divided by 343.
245
Calculate the remainder when 205864 is divided by 375.
364
What is the remainder when 1458930 is divided by 1002?
18
Calculate the remainder when 2936444 is divided by 33.
5
Calculate the remainder when 70713352 is divided by 6618.
22
What is the remainder when 4880815 is divided by 83?
0
What is the remainder when 29746500 is divided by 1983100?
0
What is the remainder when 50890 is divided by 1386?
994
Calculate the remainder when 31010910 is divided by 32303.
30
Calculate the remainder when 15533583 is divided by 247.
0
Calculate the remainder when 188973 is divided by 4174.
1143
What is the remainder when 2845842 is divided by 865?
857
Calculate the remainder when 2726479 is divided by 19.
17
Calculate the remainder when 23173347 is divided by 11.
10
Calculate the remainder when 132155 is divided by 2002.
23
What is the remainder when 3164935 is divided by 177?
175
What is the remainder when 23069189 is divided by 19?
16
What is the remainder when 3119676 is divided by 124?
84
Calculate the remainder when 62646 is divided by 1749.
1431
Calculate the remainder when 6044667 is divided by 28.
27
Calculate the remainder when 9355253 is divided by 9355237.
16
Calculate the remainder when 1225173 is divided by 14761.
10
What is the remainder when 314050 is divided by 296?
290
What is the remainder when 913978 is divided by 1284?
1054
What is the remainder when 88618201 is divided by 622?
617
Calculate the remainder when 44079809 is divided by 5676.
5669
Calculate the remainder when 9033127 is divided by 1143.
1141
What is the remainder when 2971568 is divided by 14?
12
Calculate the remainder when 16794533 is divided by 4385.
4368
Calculate the remainder when 9108517 is divided by 1731.
1726
Calculate the remainder when 116284 is divided by 7252.
252
What is the remainder when 16821642 is divided by 13?
6
Calculate the remainder when 79732 is divided by 1699.
1578
Calculate the remainder when 631196 is divided by 792.
764
Calculate the remainder when 149918 is divided by 937.
935
What is the remainder when 912849049 is divided by 123?
121
Calculate the remainder when 391853 is divided by 48969.
101
Calculate the remainder when 124390 is divided by 330.
310
Calculate the remainder when 9423446 is divided by 4711722.
2
What is the remainder when 1389875 is divided by 1389163?
712
Calculate the remainder when 413426 is divided by 3042.
2756
Calculate the remainder when 108920 is divided by 20829.
4775
What is the remainder when 108693 is divided by 36033?
594
What is the remainder when 183878 is divided by 1609?
452
What is the remainder when 1286948 is divided by 55954?
6
Calculate the remainder when 8357239 is divided by 4.
3
Calculate the remainder when 11850476 is divided by 240.
236
Calculate the remainder when 75939 is divided by 752.
739
Calculate the remainder when 16848110 is divided by 7.
6
What is the remainder when 3513384 is divided by 166?
160
Calculate the remainder when 184739 is divided by 5452.
4823
What is the remainder when 1680077 is divided by 120005?
7
What is the remainder when 308314 is divided by 543?
433
Calculate the remainder when 532032 is divided by 532016.
16
Calculate the remainder when 4212422 is divided by 2106203.
16
What is the remainder when 623178 is divided by 103863?
0
Calculate the remainder when 315175 is divided by 3692.
1355
What is the remainder when 62416 is divided by 614?
402
Calculate the remainder when 29376200 is divided by 3876.
3872
What is the remainder when 8525856 is divided by 266431?
64
Calculate the remainder when 899314 is divided by 108.
106
Calculate the remainder when 2764722 is divided by 121.
114
Calculate the remainder when 49155 is divided by 46478.
2677
What is the remainder when 119406 is divided by 14925?
6
What is the remainder when 1848578 is divided by 1890?
158
Calculate the remainder when 2806418 is divided by 1599.
173
Calculate the remainder when 1027298 is divided by 85603.
62
What is the remainder when 42407 is divided by 3703?
1674
Calculate the remainder when 198867 is divided by 738.
345
What is the remainder when 8566479 is divided by 208?
207
What is the remainder when 44459 is divided by 34?
21
Calculate the remainder when 86514044 is divided by 10498.
26
Calculate the remainder when 279625 is divided by 2614.
2541
What is the remainder when 1850473 is divided by 54425?
23
What is the remainder when 17847 is divided by 11649?
6198
Calculate the remainder when 1233369 is divided by 2855.
9
What is the remainder when 166244 is divided by 164903?
1341
Calculate the remainder when 450009 is divided by 1125.
9
Calculate the remainder when 268684 is divided by 67073.
392
What is the remainder when 17709894 is divided by 7376?
118
What is the remainder when 212994 is divided by 16355?
379
What is the remainder when 3666959 is divided by 141036?
23
Calculate the remainder when 18135 is divided by 8855.
425
Calculate the remainder when 4105399 is divided by 1368462.
13
What is the remainder when 14160 is divided by 6233?
1694
Calculate the remainder when 809953 is divided by 809938.
15
Calculate the remainder when 99656 is divided by 24795.
476
What is the remainder when 8273627 is divided by 78053?
9
What is the remainder when 2679 is divided by 499?
184
Calculate the remainder when 25117 is divided by 16.
13
Calculate the remainder when 4395182 is divided by 21.
8
Calculate the remainder when 1100857 is divided by 126.
121
What is the remainder when 19208 is divided by 1478?
1472
What is the remainder when 5144923 is divided by 27?
19
Calculate the remainder when 864532 is divided by 1070.
1042
Calculate the remainder when 206763 is divided by 25843.
19
What is the remainder when 1279928 is divided by 1497?
1490
Calculate the remainder when 19162162 is divided by 237.
1
What is the remainder when 6138163 is divided by 12604?
15
Calculate the remainder when 1034791 is divided by 563.
560
What is the remainder when 314855 is divided by 317?
74
Calculate the remainder when 2698441 is divided by 337304.
9
Calculate the remainder when 123095997 is divided by 12000.
11997
Calculate the remainder when 1934336 is divided by 1860.
1796
Calculate the remainder when 24912824 is divided by 8304204.
212
Calculate the remainder when 367498 is divided by 19787.
11332
What is the remainder when 2186892 is divided by 16320?
12
Calculate the remainder when 20107257 is divided by 153.
150
What is the remainder when 38748 is divided by 712?
300
What is the remainder when 105477 is divided by 7006?
387
Calculate the remainder when 21265 is divided by